{"id":56175,"date":"2026-04-12T04:59:23","date_gmt":"2026-04-12T04:59:23","guid":{"rendered":"https:\/\/amy.ponireluxe.top\/index.php\/product\/louis-vuitton-master-speedy-bandouliere-20-bag-m46518-20-513-512-cm\/"},"modified":"2026-04-12T08:53:44","modified_gmt":"2026-04-12T08:53:44","slug":"louis-vuitton-master-speedy-bandouliere-20-bag-m46518-20-513-512-cm","status":"publish","type":"product","link":"https:\/\/amy.ponireluxe.top\/index.php\/product\/louis-vuitton-master-speedy-bandouliere-20-bag-m46518-20-513-512-cm\/","title":{"rendered":"LOUIS VUITTON MASTER SPEEDY BANDOULI\u00c8RE 20 BAG M46518 (20.5*13.5*12 cm)"},"content":{"rendered":"<div id=\"product_tabs-69db1c45c482f\" class=\"product_extra-300 tab-pane active\">\n<div class=\"block-body expand-block\">\n<div class=\"block-wrapper\">\n<div class=\"block-content \">\n<p class=\"MsoNormal\" style=\"text-autospace: ideograph-numeric; mso-pagination: none; line-height: 25.0000pt; mso-line-height-rule: exactly;\"><span style=\"font-family: Arial;\"><span style=\"font-size: 10.5pt;\">From city life to summer parties, this covetable Speedy Bandouli\u00e8re 20 bag goes everywhere. Part of the new D\u00e9grad\u00e9 capsule, it is crafted from Monogram Empreinte embossed leather in colours to complement the season\u2019s silhouettes. Fitted with rolled Toron handles, it fits in the crook of the elbow or can be worn hands-free, thanks to the adjustable strap.<\/span><\/span><\/p>\n<p class=\"MsoNormal\" style=\"text-autospace: ideograph-numeric; mso-pagination: none; line-height: 25.0000pt; mso-line-height-rule: exactly;\"><span style=\"font-size: 10.5pt;\"><span style=\"font-family: Arial;\"><img fetchpriority=\"high\" decoding=\"async\" class=\"alignnone size-medium wp-image-56384\" src=\"https:\/\/amy.ponireluxe.top\/wp-content\/uploads\/2026\/04\/i1684998511_3019_0-225x300.jpg\" alt=\"\" width=\"225\" height=\"300\" srcset=\"https:\/\/amy.ponireluxe.top\/wp-content\/uploads\/2026\/04\/i1684998511_3019_0-225x300.jpg 225w, https:\/\/amy.ponireluxe.top\/wp-content\/uploads\/2026\/04\/i1684998511_3019_0-600x800.jpg 600w, https:\/\/amy.ponireluxe.top\/wp-content\/uploads\/2026\/04\/i1684998511_3019_0-768x1024.jpg 768w, https:\/\/amy.ponireluxe.top\/wp-content\/uploads\/2026\/04\/i1684998511_3019_0-1152x1536.jpg 1152w, https:\/\/amy.ponireluxe.top\/wp-content\/uploads\/2026\/04\/i1684998511_3019_0-1200x1600.jpg 1200w, https:\/\/amy.ponireluxe.top\/wp-content\/uploads\/2026\/04\/i1684998511_3019_0-148x197.jpg 148w, https:\/\/amy.ponireluxe.top\/wp-content\/uploads\/2026\/04\/i1684998511_3019_0.jpg 1512w\" sizes=\"(max-width: 225px) 100vw, 225px\" \/> <img decoding=\"async\" class=\"alignnone size-medium wp-image-56385\" src=\"https:\/\/amy.ponireluxe.top\/wp-content\/uploads\/2026\/04\/i1684998511_1870_2-225x300.jpg\" alt=\"\" width=\"225\" height=\"300\" srcset=\"https:\/\/amy.ponireluxe.top\/wp-content\/uploads\/2026\/04\/i1684998511_1870_2-225x300.jpg 225w, https:\/\/amy.ponireluxe.top\/wp-content\/uploads\/2026\/04\/i1684998511_1870_2-600x800.jpg 600w, https:\/\/amy.ponireluxe.top\/wp-content\/uploads\/2026\/04\/i1684998511_1870_2-768x1024.jpg 768w, https:\/\/amy.ponireluxe.top\/wp-content\/uploads\/2026\/04\/i1684998511_1870_2-1152x1536.jpg 1152w, https:\/\/amy.ponireluxe.top\/wp-content\/uploads\/2026\/04\/i1684998511_1870_2-1200x1600.jpg 1200w, https:\/\/amy.ponireluxe.top\/wp-content\/uploads\/2026\/04\/i1684998511_1870_2-148x197.jpg 148w, https:\/\/amy.ponireluxe.top\/wp-content\/uploads\/2026\/04\/i1684998511_1870_2.jpg 1512w\" sizes=\"(max-width: 225px) 100vw, 225px\" \/> <img decoding=\"async\" class=\"alignnone size-medium wp-image-56386\" src=\"https:\/\/amy.ponireluxe.top\/wp-content\/uploads\/2026\/04\/i1684998511_5810_3-225x300.jpg\" alt=\"\" width=\"225\" height=\"300\" srcset=\"https:\/\/amy.ponireluxe.top\/wp-content\/uploads\/2026\/04\/i1684998511_5810_3-225x300.jpg 225w, https:\/\/amy.ponireluxe.top\/wp-content\/uploads\/2026\/04\/i1684998511_5810_3-600x800.jpg 600w, https:\/\/amy.ponireluxe.top\/wp-content\/uploads\/2026\/04\/i1684998511_5810_3-768x1024.jpg 768w, https:\/\/amy.ponireluxe.top\/wp-content\/uploads\/2026\/04\/i1684998511_5810_3-1152x1536.jpg 1152w, https:\/\/amy.ponireluxe.top\/wp-content\/uploads\/2026\/04\/i1684998511_5810_3-1200x1600.jpg 1200w, https:\/\/amy.ponireluxe.top\/wp-content\/uploads\/2026\/04\/i1684998511_5810_3-148x197.jpg 148w, https:\/\/amy.ponireluxe.top\/wp-content\/uploads\/2026\/04\/i1684998511_5810_3.jpg 1512w\" sizes=\"(max-width: 225px) 100vw, 225px\" \/> <img loading=\"lazy\" decoding=\"async\" class=\"alignnone size-medium wp-image-56387\" src=\"https:\/\/amy.ponireluxe.top\/wp-content\/uploads\/2026\/04\/i1684998511_4802_5-225x300.jpg\" alt=\"\" width=\"225\" height=\"300\" srcset=\"https:\/\/amy.ponireluxe.top\/wp-content\/uploads\/2026\/04\/i1684998511_4802_5-225x300.jpg 225w, https:\/\/amy.ponireluxe.top\/wp-content\/uploads\/2026\/04\/i1684998511_4802_5-600x800.jpg 600w, https:\/\/amy.ponireluxe.top\/wp-content\/uploads\/2026\/04\/i1684998511_4802_5-768x1024.jpg 768w, https:\/\/amy.ponireluxe.top\/wp-content\/uploads\/2026\/04\/i1684998511_4802_5-1152x1536.jpg 1152w, https:\/\/amy.ponireluxe.top\/wp-content\/uploads\/2026\/04\/i1684998511_4802_5-1200x1600.jpg 1200w, https:\/\/amy.ponireluxe.top\/wp-content\/uploads\/2026\/04\/i1684998511_4802_5-148x197.jpg 148w, https:\/\/amy.ponireluxe.top\/wp-content\/uploads\/2026\/04\/i1684998511_4802_5.jpg 1512w\" sizes=\"(max-width: 225px) 100vw, 225px\" \/> <img loading=\"lazy\" decoding=\"async\" class=\"alignnone size-medium wp-image-56389\" src=\"https:\/\/amy.ponireluxe.top\/wp-content\/uploads\/2026\/04\/i1684998511_6982_4-300x300.jpg\" alt=\"\" width=\"300\" height=\"300\" srcset=\"https:\/\/amy.ponireluxe.top\/wp-content\/uploads\/2026\/04\/i1684998511_6982_4-300x300.jpg 300w, https:\/\/amy.ponireluxe.top\/wp-content\/uploads\/2026\/04\/i1684998511_6982_4-800x800.jpg 800w, https:\/\/amy.ponireluxe.top\/wp-content\/uploads\/2026\/04\/i1684998511_6982_4-150x150.jpg 150w, https:\/\/amy.ponireluxe.top\/wp-content\/uploads\/2026\/04\/i1684998511_6982_4-768x768.jpg 768w, https:\/\/amy.ponireluxe.top\/wp-content\/uploads\/2026\/04\/i1684998511_6982_4-600x600.jpg 600w, https:\/\/amy.ponireluxe.top\/wp-content\/uploads\/2026\/04\/i1684998511_6982_4-148x148.jpg 148w, https:\/\/amy.ponireluxe.top\/wp-content\/uploads\/2026\/04\/i1684998511_6982_4.jpg 1080w\" sizes=\"(max-width: 300px) 100vw, 300px\" \/> <img loading=\"lazy\" decoding=\"async\" class=\"alignnone size-medium wp-image-56390\" src=\"https:\/\/amy.ponireluxe.top\/wp-content\/uploads\/2026\/04\/i1684998511_4598_6-300x300.jpg\" alt=\"\" width=\"300\" height=\"300\" srcset=\"https:\/\/amy.ponireluxe.top\/wp-content\/uploads\/2026\/04\/i1684998511_4598_6-300x300.jpg 300w, https:\/\/amy.ponireluxe.top\/wp-content\/uploads\/2026\/04\/i1684998511_4598_6-800x800.jpg 800w, https:\/\/amy.ponireluxe.top\/wp-content\/uploads\/2026\/04\/i1684998511_4598_6-150x150.jpg 150w, https:\/\/amy.ponireluxe.top\/wp-content\/uploads\/2026\/04\/i1684998511_4598_6-768x768.jpg 768w, https:\/\/amy.ponireluxe.top\/wp-content\/uploads\/2026\/04\/i1684998511_4598_6-600x600.jpg 600w, https:\/\/amy.ponireluxe.top\/wp-content\/uploads\/2026\/04\/i1684998511_4598_6-148x148.jpg 148w, https:\/\/amy.ponireluxe.top\/wp-content\/uploads\/2026\/04\/i1684998511_4598_6.jpg 1080w\" sizes=\"(max-width: 300px) 100vw, 300px\" \/> <img loading=\"lazy\" decoding=\"async\" class=\"alignnone size-medium wp-image-56391\" src=\"https:\/\/amy.ponireluxe.top\/wp-content\/uploads\/2026\/04\/i1684998511_6182_8-300x300.jpg\" alt=\"\" width=\"300\" height=\"300\" srcset=\"https:\/\/amy.ponireluxe.top\/wp-content\/uploads\/2026\/04\/i1684998511_6182_8-300x300.jpg 300w, https:\/\/amy.ponireluxe.top\/wp-content\/uploads\/2026\/04\/i1684998511_6182_8-800x800.jpg 800w, https:\/\/amy.ponireluxe.top\/wp-content\/uploads\/2026\/04\/i1684998511_6182_8-150x150.jpg 150w, https:\/\/amy.ponireluxe.top\/wp-content\/uploads\/2026\/04\/i1684998511_6182_8-768x768.jpg 768w, https:\/\/amy.ponireluxe.top\/wp-content\/uploads\/2026\/04\/i1684998511_6182_8-600x600.jpg 600w, https:\/\/amy.ponireluxe.top\/wp-content\/uploads\/2026\/04\/i1684998511_6182_8-148x148.jpg 148w, https:\/\/amy.ponireluxe.top\/wp-content\/uploads\/2026\/04\/i1684998511_6182_8.jpg 1080w\" sizes=\"(max-width: 300px) 100vw, 300px\" \/> <img loading=\"lazy\" decoding=\"async\" class=\"alignnone size-medium wp-image-56392\" src=\"https:\/\/amy.ponireluxe.top\/wp-content\/uploads\/2026\/04\/i1684998511_6886_7-300x300.jpg\" alt=\"\" width=\"300\" height=\"300\" srcset=\"https:\/\/amy.ponireluxe.top\/wp-content\/uploads\/2026\/04\/i1684998511_6886_7-300x300.jpg 300w, https:\/\/amy.ponireluxe.top\/wp-content\/uploads\/2026\/04\/i1684998511_6886_7-800x800.jpg 800w, https:\/\/amy.ponireluxe.top\/wp-content\/uploads\/2026\/04\/i1684998511_6886_7-150x150.jpg 150w, https:\/\/amy.ponireluxe.top\/wp-content\/uploads\/2026\/04\/i1684998511_6886_7-768x768.jpg 768w, https:\/\/amy.ponireluxe.top\/wp-content\/uploads\/2026\/04\/i1684998511_6886_7-600x600.jpg 600w, https:\/\/amy.ponireluxe.top\/wp-content\/uploads\/2026\/04\/i1684998511_6886_7-148x148.jpg 148w, https:\/\/amy.ponireluxe.top\/wp-content\/uploads\/2026\/04\/i1684998511_6886_7.jpg 1080w\" sizes=\"(max-width: 300px) 100vw, 300px\" \/>\u00a0<\/span><\/span><\/p>\n<\/div>\n<\/div>\n<\/div>\n<\/div>\n","protected":false},"excerpt":{"rendered":"<p>From city life to summer parties, this covetable Speedy Bandouli\u00e8re 20 bag goes everywhere. Part of the new D\u00e9grad\u00e9 capsule,<\/p>\n","protected":false},"featured_media":56177,"comment_status":"closed","ping_status":"closed","template":"","meta":[],"product_brand":[],"product_cat":[642,175,741,194],"product_tag":[],"class_list":{"0":"post-56175","1":"product","2":"type-product","3":"status-publish","4":"has-post-thumbnail","6":"product_cat-bag","7":"product_cat-louis-vuitton-2","8":"product_cat-louis-vuitton-3","9":"product_cat-speedy","11":"first","12":"instock","13":"purchasable","14":"product-type-simple"},"_links":{"self":[{"href":"https:\/\/amy.ponireluxe.top\/index.php\/wp-json\/wp\/v2\/product\/56175","targetHints":{"allow":["GET"]}}],"collection":[{"href":"https:\/\/amy.ponireluxe.top\/index.php\/wp-json\/wp\/v2\/product"}],"about":[{"href":"https:\/\/amy.ponireluxe.top\/index.php\/wp-json\/wp\/v2\/types\/product"}],"replies":[{"embeddable":true,"href":"https:\/\/amy.ponireluxe.top\/index.php\/wp-json\/wp\/v2\/comments?post=56175"}],"version-history":[{"count":3,"href":"https:\/\/amy.ponireluxe.top\/index.php\/wp-json\/wp\/v2\/product\/56175\/revisions"}],"predecessor-version":[{"id":56393,"href":"https:\/\/amy.ponireluxe.top\/index.php\/wp-json\/wp\/v2\/product\/56175\/revisions\/56393"}],"wp:featuredmedia":[{"embeddable":true,"href":"https:\/\/amy.ponireluxe.top\/index.php\/wp-json\/wp\/v2\/media\/56177"}],"wp:attachment":[{"href":"https:\/\/amy.ponireluxe.top\/index.php\/wp-json\/wp\/v2\/media?parent=56175"}],"wp:term":[{"taxonomy":"product_brand","embeddable":true,"href":"https:\/\/amy.ponireluxe.top\/index.php\/wp-json\/wp\/v2\/product_brand?post=56175"},{"taxonomy":"product_cat","embeddable":true,"href":"https:\/\/amy.ponireluxe.top\/index.php\/wp-json\/wp\/v2\/product_cat?post=56175"},{"taxonomy":"product_tag","embeddable":true,"href":"https:\/\/amy.ponireluxe.top\/index.php\/wp-json\/wp\/v2\/product_tag?post=56175"}],"curies":[{"name":"wp","href":"https:\/\/api.w.org\/{rel}","templated":true}]}}